+ 4*x + 39. Determine b(-8).
7
Let q(i) = -i**3 - 6*i**2 - 3*i - 5. Calculate q(-6).
13
Let d(b) = -12*b + 60. What is d(5)?
0
Let m(x) = 2*x + 1. Determine m(5).
11
Let g(z) = 2*z - 40. Determine g(23).
6
Let c(i) = 2*i**2 - i - 3. Calculate c(6).
63
Let d(m) = m**2 - 2*m + 9. Determine d(2).
9
Let y(q) = -2*q**2 + 3*q. Calculate y(3).
-9
Let q(l) = l**2 + 11*l - 1. What is q(-12)?
11
Let b(i) = i**2 - 16*i - 30. Give b(18).
6
Let a(s) = -6*s - 48. What is a(-8)?
0
Let b(s) = 15*s**2 - s. Give b(-1).
16
Let t(g) = -33*g**2 + 1. Determine t(1).
-32
Let q(p) = -p**3 + 6*p**2 + 5*p + 7. What is q(7)?
-7
Let p(l) = -l**3 - 3*l**2 + 3*l - 3. What is p(2)?
-17
Let m(p) = p**3 - 15*p**2 + 12*p + 18. Determine m(14).
-10
Let k(o) = 2*o - 26. Determine k(5).
-16
Let i(b) = -5*b**2 - 64*b + 169. What is i(-15)?
4
Let t(g) = 9*g**2 - 3*g - 4. Calculate t(-2).
38
Let s(z) = -4*z - 37. Calculate s(-11).
7
Let l(q) = -6*q - 43. Calculate l(-5).
-13
Let v(s) = -s**2 - 12*s - 4. Give v(-11).
7
Let m(a) = a**3 + 10*a**2 - 9*a - 12. Determine m(-10).
78
Let s(x) = -x**2 + 13*x + 120. What is s(19)?
6
Let q(t) = t**3 - 16*t**2 - 38*t + 38. What is q(18)?
2
Let y(g) = -3*g + 12. Calculate y(8).
-12
Let w(q) = q**3 + 5*q**2 - 5. Calculate w(-4).
11
Let l(f) = f - 7. Determine l(-5).
-12
Let h(d) = -6*d - 4. Determine h(-1).
2
Let a(i) = 3*i**2 + 5*i - 9. What is a(-6)?
69
Let y(w) = w**3 - 11*w**2 - w + 4. What is y(11)?
-7
Let m(i) = -11*i - 104. What is m(-10)?
6
Let x(t) = 6*t**2 + 8*t - 7. Determine x(-2).
1
Let z(y) = 5*y**2 + 6. Determine z(3).
51
Let o(l) = -l**3 + 22*l**2 - 2. What is o(22)?
-2
Let c(x) = x**2 + 5*x - 26. Calculate c(-7).
-12
Let a(o) = -o**3 - 19*o**2 + 19*o - 13. What is a(-20)?
7
Let j(v) = 27*v - 44. Give j(6).
118
Let v(n) = -63*n - 440. Calculate v(-7).
1
Let h(w) = -w**3 + 13*w**2 + w - 5. What is h(13)?
8
Let i(y) = y**3 + 2*y**2 - 6*y - 1. Calculate i(-4).
-9
Let o(k) = -2*k**2 - k - 1. Give o(-1).
-2
Let p(n) = -n**3 - 2*n**2 - 5*n + 3. Calculate p(0).
3
Let k(v) = -v**2 + 5*v - 12. Determine k(3).
-6
Let t(p) = p. Determine t(1).
1
Let g(j) = -j**2 + 17*j + 152. Give g(24).
-16
Let l(u) = -u**2 - 92. Give l(0).
-92
Let i(k) = -k**2 + 22*k - 96. Calculate i(15).
9
Let y(g) = -4*g**2 + g + 2. Determine y(2).
-12
Let b(n) = -n**3 + 7*n**2 - 2*n - 12. Determine b(5).
28
Let q(b) = b**3 + 4*b**2 + 2*b + 1. Give q(-4).
-7
Let w(a) = -14*a - 20. Give w(-5).
50
Let n(g) = -14*g + 39. What is n(3)?
-3
Let i(k) = -3*k + 3. Give i(4).
-9
Let b(s) = -s**2 - 4*s + 20. What is b(-7)?
-1
Let h(n) = -2*n**2 - 31*n - 10. Determine h(-15).
5
Let g(j) = -152*j**3 + j**2 + j + 1. Determine g(-1).
153
Let h(t) = -14*t**2 + 25*t - 3. Calculate h(3).
-54
Let q(i) = 2*i**3 - 3*i + 2. What is q(2)?
12
Let m(z) = z**3 - 14*z**2 + 11*z - 17. Calculate m(13).
-43
Let g(w) = 5*w + 20. Determine g(-4).
0
Let i(y) = -10*y + 39. Calculate i(5).
-11
Let d(p) = p**3 - 3*p**2 - p + 6. Determine d(2).
0
Let q(v) = -5*v**2 - 25*v + 3. Give q(-5).
3
Let q(j) = -8*j**2 - j - 19. Give q(0).
-19
Let q(n) = -16*n + 2. Calculate q(-1).
18
Let z(g) = g - 20. Give z(-12).
-32
Let t(z) = z**2 - 8*z + 17. Determine t(4).
1
Let b(m) = m**3 + 17*m**2 + 17*m + 12. What is b(-16)?
-4
Let b(v) = 2*v**3 - 2*v**2 + 3*v - 2. Give b(2).
12
Let m(n) = n**3 + 29*n**2 - 27*n + 86. Determine m(-30).
-4
Let p(k) = -k**3 - 7*k**2 - 3*k + 38. Determine p(-6).
20
Let f(s) = s + 20. Give f(-14).
6
Let d(x) = 3*x + 2. Determine d(-8).
-22
Let h(t) = t**3 + 7*t**2 - 3*t - 7. Give h(-6).
47
Let k(z) = z**3 + 22*z**2 + 8*z - 26. What is k(-22)?
-202
Let u(i) = -i**3 - 5*i**2 - 2*i - 11. Give u(-5).
-1
Let u(h) = -29*h + 44. Determine u(5).
-101
Let v(u) = -u**3 + 11*u**2 + 10*u - 27. Determine v(12).
-51
Let g(d) = d + 24. What is g(-16)?
8
Let b(v) = -v**2 - 6*v + 1. Give b(-6).
1
Let x(a) = 2*a**2 - 22*a - 4. Determine x(12).
20
Let v(m) = 2*m**2 + 9. Determine v(4).
41
Let i(t) = -2*t**3 - t**2 - 4. Give i(-3).
41
Let w(i) = i**2 - 3. Determine w(-4).
13
Let f(j) = -j**3 - 4*j**2 - 3*j + 3. Calculate f(-3).
3
Let q(b) = 7*b**2 - 7*b + 8. Determine q(1).
8
Let h(k) = k**2 + 11*k + 20. Give h(-10).
10
Let h(o) = 3*o**2 + o + 1. What is h(-3)?
25
Let f(h) = -h**3 + 5*h**2 - 5*h - 5. Calculate f(5).
-30
Let g(q) = -q**3 - 11*q**2 - q + 4. What is g(-8)?
-180
Let d(m) = -66*m + 511. What is d(8)?
-17
Let x(w) = -10*w + 17. What is x(3)?
-13
Let g(n) = -n**3 + 15*n**2 + 16*n - 3. What is g(16)?
-3
Let k(o) = 2*o**2 + o - 1. Determine k(-1).
0
Let v(y) = y**2 + 10*y - 134. Give v(-17).
-15
Let v(r) = r**3 + 5*r**2 + 6*r + 4. Calculate v(-3).
4
Let l(v) = -v**2 + 10*v - 4. Calculate l(5).
21
Let f(d) = 3*d - 23. Determine f(7).
-2
Let w(n) = 6*n**2 + 9. Determine w(3).
63
Let j(x) = 6*x**2 + x + 3. What is j(2)?
29
Let u(n) = -2*n - 2. Give u(5).
-12
Let w(m) = 8*m**2 + 9*m + 7. Give w(-1).
6
Let g(w) = -w**2 + 29*w + 135. Determine g(33).
3
Let g(j) = 45*j**3 + 6*j - 5. Determine g(1).
46
Let j(f) = -f - 39. Determine j(13).
-52
Let y(l) = 5*l**2 + 16*l - 9. Give y(-4).
7
Let z(i) = -i**2 - 11*i + 27. Calculate z(-13).
1
Let y(q) = -6*q - 7. Calculate y(-3).
11
Let m(g) = g**3 - 69*g**2 - 66*g - 275. What is m(70)?
5
Let u(h) = h**3 - 9*h**2 - 5*h + 18. Give u(9).
-27
Let a(w) = w**3 - 13*w**2 - 14*w + 13. What is a(14)?
13
Let n(x) = 10*x**2 - 2*x - 4. What is n(-3)?
92
Let x(w) = -23*w + 289. Calculate x(13).
-10
Let k(c) = 26*c + 5. Give k(3).
83
Let x(q) = -62*q + 733. Give x(12).
-11
Let v(y) = 5*y**2 + 18*y + 13. What is v(-7)?
132
Let o(g) = -g**2 + 8*g - 3. Determine o(4).
13
Let q(a) = -a**3 - 8*a**2 - a + 33. Determine q(-7).
-9
Let o(g) = -g**3 - 11*g**2 + 42*g + 6. Calculate o(-14).
6
Let q(d) = 4*d**2 + 23*d + 15. Give q(-4).
-13
Let r(c) = -c**3 + 10*c**2 - 10*c - 2. Give r(9).
-11
Let s(y) = -5*y - 3. What is s(-2)?
7
Let y(k) = 2*k**2 + 6*k - 3. Calculate y(-4).
5
Let t(f) = -f**3 - 8*f**2 - f - 4. Give t(-7).
-46
Let r(m) = 2*m + 6. Give r(-5).
-4
Let w(x) = 98*x**2 - 3*x + 2. Give w(1).
97
Let c(a) = -a**3 - 3*a**2 + 9*a - 2. Give c(-5).
3
Let j(g) = 9*g - 31. What is j(4)?
5
Let y(k) = -9*k + 98. Calculate y(12).
-10
Let i(k) = 9*k**2 + 2*k - 2. Calculate i(-2).
30
Let u(b) = -3*b + 14. What is u(-2)?
20
Let c(s) = s**2 - 3*s - 27. Give c(0).
-27
Let h(b) = -b**3 - 9*b**2 - 7*b + 9. What is h(-8)?
1
Let u(y) = -y**3 - 4*y**2 + 11*y + 4. Calculate u(2).
2
Let r(z) = -z**3 - 13*z**2 - 13*z - 5. What is r(-12)?
7
Let g(c) = -5*c + 17. Determine g(3).
2
Let u(h) = h**2 - 12*h + 11. What is u(9)?
-16
Let o(f) = -f**3 + 7*f**2 + 2*f - 7. Calculate o(7).
7
Let p(k) = 21*k**2 - 5*k + 6. Determine p(1).
22
Let d(m) = -m**3 + 2*m**2 + 27*m - 10. Determine d(6).
8
Let y(t) = t - 12. Give y(-6).
-18
Let f(i) = -4*i - 167. Determine f(-40).
-7
Let v(b) = b**3 + 7*b**2 - 5*b - 12. What is v(-7)?
23
Let f(u) = -u**3 + 22*u**2 + 104*u - 3. Calculate f(26).
-3
Let d(c) = -c**3 - 2*c**2 - 58. Give d(0).
-58
Let z(h) = h**3 + 4*h**2 + 3*h + 1. Give z(-2).
3
Let z(q) = q**3 - 8*q**2 - 21*q - 1. Give z(10).
-11
Let a(i) = i**3 - 12*i**2 + 16*i - 40. Give a(11).
15
Let r(o) = -7*o + 75. Determine r(11).
-2
Let f(y) = -15*y + 60. What is f(4)?
0
Let v(u) = 9*u - 36. What is v(4)?
0
Let p(q) = -q + 10. Determine p(-11).
21
Let f(d) = -2*d + 3. Give f(7).
-11
Let l(g) = 9*g + 49. Determine l(-6).
-5
Let b(n) = 4*n - 22. Determine b(15).
38
Let m(j) = j**2 + 22*j - 12. Determine m(-21).
-33
Let o(m) = -m**3 - 32*m**2 - 31*m + 1. Determine o(-31).
1
Let h(k) = k**3 - 37*k**2 + 36*k + 22. Give h(36).
22
Let l(u) = -5*u**2 + 21*u + 6. What is l(0)?
6
Let c(b) = 18*b + 3. Determine c(-1).
-15
Let b(l) = -12*l. What is b(1)?
-12
Let q(m) = 7*m + 10. Determine q(7).
59
Let r(w) = 2*w**2 - 11*w + 3. Give r(7).
24
Let v(g) = -g**2 + g + 23. Calculate v(-7).
-33
Let v(u) = -u**3 - 32*u**2 - 57*u + 91. Determine v(-30).
1
Let i(v) = 2*v + 1. Calculate i(-8).
-15
Let v(f) = -f**3 - 20*f**2 - 22*f - 54. Calculate v(-19).
3
Let t(g) = -6*g - 5. What is t(-1)?
1
Let n(a) = a - 11. Calculate n(16).
5
Let v(d) = -18*d - 3. Calculate v(-4).
69
Let n(a) = a**2 - 2*a - 9. Determine n(7).
26
Let w(m) = m**3 - 10*m**2 + 5*m + 13. Determine w(6).
-101
Let u(f) = -3*f + 6. What is u(-6)?
24
Let g(o) = 26*o + 35. Give g(-1).